 -3*r - 63747. What is the highest common factor of 462 and u?
231
Let h be (((-5)/10)/(-1))/((-56)/(-1792)). Calculate the greatest common factor of 23888 and h.
16
Let l = 28 - 21. Suppose -323 - l = -3*a. Calculate the greatest common factor of 40 and a.
10
Let d(g) = g**3 - 15*g**2 + 16*g - 5. Let h be d(15). Suppose 0 = -4*s + 20, -2*z - 3*z + s = -h. What is the highest common factor of 12 and z?
12
Let d = 10974 + -10519. Calculate the greatest common divisor of 126 and d.
7
Suppose -11*n - 12*n = -4103 - 1233. Calculate the highest common factor of n and 667.
29
Let l = 23 - 13. Suppose 3*y - 7 - 2 = 0. Suppose 0 = y*j - 31 + 1. Calculate the highest common divisor of l and j.
10
Suppose 25*j - 120196 = 186528 + 594526. What is the greatest common factor of 103 and j?
103
Let j = 246 + -240. Suppose -j*c = -41 - 589. Calculate the greatest common factor of 35 and c.
35
Suppose 153 + 115 = 4*g. Suppose 35 = -4*y + g. Calculate the highest common divisor of y and 3.
1
Let i be (-1012)/(-14) + 2*5/(-35). What is the greatest common factor of 264 and i?
24
Let n(s) = -8*s - 28. Let z be n(19). Let m be (z/240)/(1 - (-7)/(-4)). Calculate the highest common factor of m and 25.
1
Suppose 0 = 3*y - 99 - 33. Suppose -5*u = -4*u + 7. Let q be (21/u)/((-3)/11). Calculate the highest common divisor of y and q.
11
Let a = 4 - -2. Suppose -54 = -3*v + 6*u, -5*u = 7*v - 8*u - 159. Calculate the highest common divisor of a and v.
6
Let j = -4473 + 4621. Calculate the highest common factor of j and 148.
148
Suppose 4366 = 4*q - 3*v, 3*v - 5498 = 85*q - 90*q. Calculate the greatest common divisor of 959 and q.
137
Let u be 10/35 - 5/(35/2823). Let k be ((-4)/4)/(13/u). What is the highest common divisor of 93 and k?
31
Let v be (3 - 5)*(-16)/2. Let b(n) = n + 15. Let k(c) = 4*c + 89. Let g(r) = -34*b(r) + 6*k(r). Let t be g(0). What is the highest common factor of t and v?
8
Let q(j) = -336*j - 3288. Let s be q(-10). Calculate the greatest common divisor of s and 312.
24
Suppose -15*p + 4*d = -17*p - 6, -18 = -p + 5*d. Suppose -6435 = -p*l - 8*l. What is the greatest common divisor of l and 45?
45
Let b(k) = -k**3 - 75*k**2 + 240*k - 10. Let l be b(3). What is the greatest common divisor of 21160 and l?
8
Suppose 2*x + 328 = 4*b, -5*b + 18*x + 126 = -346. Calculate the highest common divisor of 155 and b.
5
Suppose 122 = d + 50. Let c be (-22)/((-15)/12 - -1). Let q = c + d. What is the highest common divisor of 20 and q?
20
Suppose -32*i = -w - 31*i + 301, 0 = w - 4*i - 316. Calculate the highest common divisor of 8 and w.
8
Let j = 3689 + -3589. What is the greatest common factor of j and 2900?
100
Suppose 11158 = 449*h - 1428 - 16599. What is the highest common factor of 689 and h?
13
Let p be 8/(-48) - (-1)/(6/25). Suppose 0 = 107*x - 119*x + 1776. What is the greatest common factor of x and p?
4
Let i = 84 + -209. Let o be (-440)/14*70/20. Let v = o - i. What is the greatest common factor of v and 30?
15
Let m = 298 - 291. Suppose -m*b + 273 + 399 = 0. What is the greatest common divisor of 12 and b?
12
Let p = 34 - 30. Suppose p*y - 28 = -12. Suppose q + 3*q = 3*z + 26, 0 = -4*q - y*z + 40. What is the highest common factor of 64 and q?
8
Suppose 95 = -0*x + x - 5*t, 0 = -5*x + 5*t + 495. Suppose -57*y + 481 = -2939. What is the highest common divisor of y and x?
20
Let r = 52 + 3. Suppose 5*d - 45 = r. Suppose -3*b + 4 + 8 = 0. What is the greatest common factor of d and b?
4
Let r = 67 + -47. Let w be -4 - 3*3/9. Let l = r + w. Calculate the highest common factor of 35 and l.
5
Let s(o) = 1761*o**2 + 94*o - 92. Let k be s(1). What is the greatest common factor of 82 and k?
41
Suppose 2*r + 524 = 5*b, 0 = -b + 2*b + r - 116. What is the highest common divisor of b and 24?
12
Suppose -6*g = -579 - 453. Suppose -177 = 4*o + 3*b, -4*o + 5*b - g = 9*b. Let t = 80 + o. Calculate the greatest common factor of t and 16.
16
Let n be 0 - 8/(-6) - (-4)/6. Suppose -24 = m - 4*m - 3*h, 4*m - 44 = n*h. What is the highest common factor of m and 55?
5
Let n(j) = j**3 + 26*j**2 + 55*j + 93. Let v be n(-22). What is the greatest common divisor of 468 and v?
117
Let s = -5887 + 13690. Calculate the greatest common divisor of s and 54.
27
Suppose 195*b = 350*b - 970920. Calculate the highest common factor of 216 and b.
216
Let o be -6*1/4*-2. Suppose o*f = -f + 4. Let u(w) = w - 3. Let z be u(5). Calculate the greatest common factor of z and f.
1
Suppose 0 = 2*j - 4*i - 42, 0 = 2*j + 5*i - 614 + 653. Let t be (4/(-6))/(14/(-21)). Calculate the highest common factor of t and j.
1
Let y = -47 + 107. Let p be (1*260)/(49/1421*29). What is the highest common divisor of y and p?
20
Suppose 0 = 3*w + 18, -163*j + 4*w + 824 = -159*j. Calculate the highest common divisor of j and 640.
40
Let b(c) = 5 - 24 - 2*c + 41. Let w be b(1). Let q be (-4)/10 + (-306)/(-15). Calculate the greatest common divisor of q and w.
20
Let u = -2 + 22. Let n(v) = -v**2 + 21*v + 14. Let y be n(u). Suppose 0 = 5*m - 2*r + 5*r - 214, -y = -m - 5*r. What is the greatest common factor of m and 132?
44
Let h(v) = v**3 - 4*v**2 - 8*v - 5. Let t be h(6). Let u(k) = -k**2 + 23*k + 34. Let n be u(t). What is the greatest common factor of 165 and n?
55
Let z = 22 + -24. Let f(c) = 2*c**2 + 2*c + 9. Let u be f(z). Let n(h) = h**2 + h + 130. Let s be n(0). What is the highest common factor of s and u?
13
Let z(n) = -n + 17. Let h be z(10). Let d be h - (-1)/2*66. Calculate the highest common factor of d and 180.
20
Let u be 10*(-45)/(-30)*(-4)/12*-854. Calculate the greatest common factor of 70 and u.
70
Let y(q) = q. Let n(a) = -3*a - 37. Let g(l) = -n(l) - 2*y(l). Let v be g(23). Let c be ((-5)/15)/((-2)/v). What is the greatest common divisor of 30 and c?
10
Let z = -364 - 394. Let q = -425 - z. What is the greatest common divisor of 37 and q?
37
Let p(v) = v**3 - 17*v**2 + 36*v + 18. Let g be p(15). Let y be 1269/g + ((-6)/8)/1. Calculate the highest common factor of y and 22.
11
Let v = 3938 + -1203. Suppose 13*z = v - 980. What is the highest common divisor of 5 and z?
5
Suppose -327 = -27*t + 753. Calculate the greatest common factor of 128 and t.
8
Suppose 5*v - 2*y = -14, -7*y - 32 = 5*v - 3*y. Let l be (-9)/v*17 + (-2)/8. Calculate the highest common factor of l and 190.
38
Let c = 3607 + -3582. Let m = 388 - 63. What is the highest common factor of c and m?
25
Let x = 710 + -708. Suppose -3*y + 2*u - 22 = -100, 5*u + 52 = x*y. Calculate the highest common factor of 39 and y.
13
Let f = -13967 - -14058. Calculate the greatest common divisor of f and 598.
13
Suppose 0 = -3*c - 16 + 40. Suppose -2 = 5*j + 3*n - c, n = -3. Suppose -38 = -j*h + 40. Calculate the greatest common factor of h and 13.
13
Let v = -5 + -2. Let y = 14 + v. Suppose -x + 31 = -4*k, 11*x - 9*x = 4*k + 66. What is the highest common divisor of x and y?
7
Suppose -6 = -2*m + 6. Suppose -m*a = -17 - 7. Suppose -117 - 169 = -11*b. What is the greatest common divisor of b and a?
2
Suppose -2*n - 55 = -55. Suppose 4*f + r + n*r - 727 = 0, 4*r = -5*f + 906. Suppose f = 3*o + 4*o. Calculate the greatest common divisor of 13 and o.
13
Suppose -24 = -3*s, 0 = 3*d - 90*s + 85*s - 1955. What is the highest common factor of d and 217?
7
Suppose 0 = 5*b + 3*m + 19, 0*b + 5*m = -3*b - 5. Let h(v) = 3*v + 2*v**2 + 5*v - 2 + 7 + 4 + 5. Let k be h(b). Calculate the greatest common factor of k and 8.
8
Suppose 0 = -52788*t + 52751*t + 666. What is the highest common factor of 4959 and t?
9
Let c(k) = -2*k**3 - 15*k**2 - 34*k + 15. Let f be c(-8). What is the highest common divisor of f and 54?
27
Suppose -5*h = -2*j - 6093, -4*h + 4731 + 165 = 2*j. Calculate the highest common factor of 66 and h.
33
Let x(z) = 3*z**2 - 17*z - 11. Let t(c) = -c**2 + 6*c + 4. Let d(y) = 11*t(y) + 4*x(y). Let l be d(11). Calculate the highest common factor of l and 22.
11
Suppose 0 = -4*a - 2*b + 1172, -30 = -55*b + 50*b. Calculate the highest common factor of 1885 and a.
145
Let w = -127 + 139. Let l = 242 - 110. Calculate the highest common factor of w and l.
12
Suppose 2*q - 452 = -5*t, 4*t - 7*q + 12*q = 348. Calculate the greatest common factor of 13892 and t.
92
Let d = 6 - 2. Suppose -972 - 1472 = -47*j. Calculate the greatest common divisor of d and 